se
Is 28047011 a composite number?
False
Is 7791142 composite?
True
Is 1713067 a prime number?
False
Is 576497 composite?
True
Is 38242553 prime?
True
Is 104290561 composite?
False
Is 137136817 a composite number?
False
Is 79825913 prime?
True
Is 3541961 a composite number?
True
Is 24929405 composite?
True
Is 6775441 a prime number?
True
Is 652901 prime?
False
Is 146543507 composite?
True
Is 16479917 composite?
True
Is 82905613 composite?
True
Is 6203459 composite?
False
Is 31775671 prime?
True
Is 10910509 a composite number?
False
Is 49081243 a prime number?
True
Is 715087 a prime number?
True
Is 5172547 prime?
True
Is 10759213 a composite number?
True
Is 12331141 composite?
False
Is 874782035 prime?
False
Is 98485 a composite number?
True
Is 2407799 prime?
True
Is 71225977 a composite number?
True
Is 12323141 composite?
False
Is 16477 a prime number?
True
Is 200313931 prime?
True
Is 6568747 prime?
False
Is 27112039 a prime number?
False
Is 4982501 composite?
False
Is 903219 prime?
False
Is 6884621 a prime number?
False
Is 596814769 a composite number?
True
Is 41630817 composite?
True
Is 5060389 prime?
False
Is 91147703 prime?
True
Is 17371433 prime?
False
Is 7144981 a composite number?
True
Is 370583 composite?
True
Is 19515091 a composite number?
False
Is 69747395 a prime number?
False
Is 6877606 a prime number?
False
Is 464293679 prime?
True
Is 63715963 a composite number?
False
Is 12568349 prime?
False
Is 406906553 a prime number?
False
Is 443984929 a composite number?
False
Is 1718534 prime?
False
Is 407191163 composite?
False
Is 15917287 a prime number?
False
Is 99204283 composite?
False
Is 183058105 a composite number?
True
Is 964333 a prime number?
True
Is 93556277 prime?
True
Is 52376039 a prime number?
True
Is 125944019 composite?
True
Is 126683377 a prime number?
False
Is 51576191 a prime number?
True
Is 892531 a composite number?
False
Is 1284655 prime?
False
Is 24864751 a composite number?
False
Is 148457021 prime?
True
Is 71234983 prime?
True
Is 3634082 a composite number?
True
Is 919511 prime?
True
Is 80723113 composite?
False
Is 2042561 a prime number?
False
Is 2308909 a composite number?
True
Is 98338411 a composite number?
False
Is 17863633 a composite number?
True
Is 5904419 prime?
True
Is 9427921 a prime number?
True
Is 18227219 composite?
False
Is 16216509 a composite number?
True
Is 43283557 a composite number?
True
Is 21092129 a composite number?
True
Is 78382783 composite?
False
Is 8962127 prime?
True
Is 123435971 composite?
False
Is 12076021 composite?
False
Is 316834031 a composite number?
False
Is 153785201 a prime number?
False
Is 101506687 a composite number?
False
Is 639065561 composite?
False
Is 22167683 a prime number?
False
Is 248278181 a prime number?
True
Is 33142567 composite?
True
Is 16815581 a composite number?
False
Is 431983 prime?
True
Is 570611 a prime number?
False
Is 333688589 a prime number?
False
Is 113854831 composite?
True
Is 49525963 a composite number?
False
Is 9847949 composite?
False
Is 25528963 a composite number?
True
Is 44925313 a prime number?
True
Is 58068823 prime?
True
Is 88833853 prime?
True
Is 112578293 prime?
True
Is 13853753 prime?
False
Is 634463689 a composite number?
True
Is 19636067 composite?
True
Is 10480955 a prime number?
False
Is 717631 a prime number?
True
Is 2085107 composite?
True
Is 14233047 a composite number?
True
Is 1086999 composite?
True
Is 3044597 prime?
True
Is 144035 a prime number?
False
Is 4427277 a prime number?
False
Is 155025799 prime?
True
Is 583337 a prime number?
True
Is 18337801 prime?
True
Is 198157471 prime?
True
Is 32050043 a prime number?
True
Is 18797627 composite?
False
Is 9483347 prime?
True
Is 12150283 a composite number?
True
Is 2426159 composite?
True
Is 237739 a composite number?
True
Is 1605533 prime?
True
Is 293226781 composite?
False
Is 57745607 prime?
True
Is 90450641 a composite number?
False
Is 26821 a prime number?
True
Is 27840089 a prime number?
True
Is 121083 prime?
False
Is 694271 a prime number?
True
Is 10072319 composite?
False
Is 154453277 composite?
True
Is 8569433 composite?
False
Is 1565233 composite?
False
Is 1120343 a composite number?
True
Is 1573603 prime?
True
Is 8267969 a composite number?
True
Is 1405164697 a prime number?
True
Is 14706409 composite?
False
Is 1098593 a prime number?
True
Is 9434981 a prime number?
True
Is 462221 a composite number?
False
Is 21095839 a prime number?
True
Is 143063593 a prime number?
True
Is 9641069 a prime number?
True
Is 4869631 composite?
True
Is 10784789 prime?
False
Is 27614723 prime?
True
Is 918773 composite?
True
Is 39180913 composite?
False
Is 8714247 a composite number?
True
Is 1243121 a composite number?
True
Is 549682561 a composite number?
False
Is 4631251 a prime number?
True
Is 232536221 prime?
True
Is 6014793 prime?
False
Is 465240773 a composite number?
False
Is 17910931 composite?
False
Is 361384901 prime?
False
Is 8270349 a prime number?
False
Is 314543 a composite number?
False
Is 16848301 composite?
True
Is 13469179 a prime number?
False
Is 38776737 composite?
True
Is 19798159 prime?
True
Is 944989 prime?
False
Is 881341 a prime number?
False
Is 12066071 a composite number?
False
Is 86111903 prime?
True
Is 27808939 a composite number?
True
Is 149943259 a composite number?
True
Is 23977505 a prime number?
False
Is 36652907 prime?
False
Is 61752941 prime?
True
Is 110889827 prime?
False
Is 1815987029 prime?
True
Is 134441 a composite number?
True
Is 21291821 composite?
False
Is 415763809 a prime number?
True
Is 905161 a prime number?
True
Is 39711233 a composite number?
True
Is 464047097 prime?
False
Is 4415123 a composite number?
False
Is 3714023 prime?
False
Is 14304153 a prime number?
False
Is 405563497 prime?
False
Is 238876709 a composite number?
False
Is 191492599 composite?
True
Is 30898601 composite?
True
Is 7633499 composite?
False
Is 13597489 a prime number?
False
Is 48374003 composite?
False
Is 5664931 a prime number?
True
Is 32628179 prime?
True
Is 26927983 prime?
False
Is 76850161 a prime number?
True
Is 1906607 composite?
False
Is 568931009 prime?
True
Is 1117 a prime number?
True
Is 95167509 a composite number?
True
Is 257695 composite?
True
Is 8461591 a composite number?
True
Is 446873489 a prime number?
True
Is 729530359 a prime number?
True
Is 91331 a composite number?
False
Is 21052469 composite?
False
Is 385391 a prime number?
True
Is 1363199 prime?
False
Is 35309011 a prime number?
False
Is 11892851 composite?
True
Is 176605277 a composite number?
True
Is 493518238 composite?
True
Is 793769 a prime number?
True
Is 883517 a prime number?
True
Is 117743389 prime?
False
Is 3844147 a prime number?
False
Is 1218480409 a composite number?
True
Is 206377 composite?
True
Is 937359781 a composite number?
False
Is 71552791 a prime number?
True
Is 3273661 composite?
False
Is 2786947 prime?
True
Is 26961749 composite?
True
Is 124274041 composite?
True
Is 9840401 composite?
False
Is 97616213 prime?
True
Is 3178391 composite?
True
Is 87703345 a prime number?
False
Is 9791459 composite?
False
Is 89336771 a prime number?
True
Is 988547 composite?
True
Is 18095491 prime?
False
Is 38571173 prime?
False
Is 99479351 prime?
True
Is 7914349 prime?
True
Is 105307511 composite?
True
Is 1549003 prime?
True
Is 286456301 prime?
False
Is 39021661 composite?
True
Is 2461421 a prime number?
False
Is 589145339 prime?
False
Is 3125867 composite?
False
Is 30658949 a prime number?
True
Is 815923 composite?
False
Is 11759521 prime?
False
Is 431235953 a composite number?
True
Is 26867747 a prime number?
True
Is 1057169 prime?
False
Is 1505381 prime?
True
Is 272791051 prime?
False
Is 4931119 a prime number?
True
Is 4230071 a prime number?
True
Is 77649413 prime?
False
Is 2141989 a prime number?
False
Is 25978709 a prime number?
True
Is 15840257 prime?
True
Is 8118689 a composite number?
True
Is 1840219 a composite number?
False
Is 16357069 a prime number?
True
Is 5474543 prime?
True
Is 669607 prime?
True
Is 118335643 a prime number?
False
Is 1674067 composite?
False
Is 7426941 a composite number?
True
Is 66480679 composite?
False
Is 1253141 composite?
True
Is 1089677 a prime number?
True
Is 18496417 composite?
True
Is 154414439 prime?
True
Is 622837 a prime number?
False
Is 40343